 Suppose 109*y + 3 = 108*y. Give j(y).
17
Suppose -3*b + 6 + 15 = 0. Let z(i) = 2295 + 2290 - i - 4585. Determine z(b).
-7
Let r(q) be the third derivative of q**4/8 + 5*q**3/6 + 6*q**2 + 2*q. Determine r(-4).
-7
Let c = -40 + 43. Let b(k) = k - 2*k**3 - 9 - 3*k - 4*k - 6*k**2 + 3*k**c. Give b(7).
-2
Suppose -5*h = 2*i + 50, 28 = -h + 19*i - 23*i. Let k(w) = w**3 + 7*w**2 - 8*w - 10. What is k(h)?
-10
Let t(o) = o**2 - o + 2. Let d(b) = -2*b**2 + 11*b + 11. Let g(n) = d(n) + t(n). Determine g(12).
-11
Suppose -2 = l + l. Let y = 37 - 26. Let b(d) = 15*d - 13. Let x(r) = -8*r + 7. Let v(t) = y*x(t) + 6*b(t). What is v(l)?
-3
Let y(d) = d**3 + 3*d**2 + 2*d + 1. Let h be y(-2). Suppose 4*s - h = 3*s. Let g be (-1 + (-4)/s)*1. Let w(x) = x**3 + 4*x**2 - 6*x - 3. What is w(g)?
2
Let u(o) = 4*o - 4. Suppose 0 = -5*p - 25, 2*p - 25 = -5*b + 7*p. Let t be u(b). Let w(x) = x**2 + 5*x + 6. What is w(t)?
2
Let k(h) = 51*h + 21. Let n(y) = 134*y + 64. Let m(z) = -8*k(z) + 3*n(z). Give m(5).
-6
Let m(t) = 218 + 3*t + 9*t**2 - 4*t + 214 - 431. Give m(1).
9
Suppose l - 12 = 5*l. Let y(q) = q**2 + 3. Give y(l).
12
Suppose -6*t = -31 + 13. Let x(z) = -z + 1. Let c(j) = -2*j. Let y(f) = t*x(f) - 4*c(f). Calculate y(-2).
-7
Let c(p) = -p**3 - 5*p**2 + 6*p. Suppose -2*o - 69 = 5*z, 7*z = 6*z + 3*o - 24. Let i = 20 + z. Suppose 0 = -2*t + 4*n - n - 3, -i*t - 42 = 4*n. What is c(t)?
0
Let u = 13 - 5. Let m be (-20)/2*(-18)/45. Suppose m*k + u = -4*k. Let a(n) = 2*n**2 + 1. What is a(k)?
3
Let h(l) be the third derivative of 0*l - 38*l**2 - 1/30*l**5 + 0 - l**3 + 7/24*l**4. Determine h(4).
-10
Let g(b) = -b**3 + 5*b - 3. Let h be ((-82)/(-4))/(-4 - (-45)/12). Let s = h + 85. Determine g(s).
-15
Let n(x) = x**3 - x**2 - x - 5. Let v(q) = -q**2 + 5*q - 4. Let m(p) = -p**2 + 9*p - 10. Let i be m(7). Let w be v(i). Give n(w).
-5
Let x(z) = -2*z + 1 - 8*z**2 + 7*z**2 - z**2 + 3*z**2. Give x(5).
16
Let a = -10 + 4. Let v = a + 9. Let k be 2 + 0 - (v - 3). Let t(q) = -q**2 - 2*q + 2. What is t(k)?
-6
Suppose -5*r = 5*y, -y - r + 12 = 3*y. Let x(z) be the second derivative of z**4/12 - z**3/2 - z**2 - 140*z. What is x(y)?
2
Let k(u) = u - 8. Let s(z) be the first derivative of -z**2/2 + z - 4. Let t(x) = k(x) + 3*s(x). Calculate t(-4).
3
Let z(l) = -2*l + 3. Let s be z(-3). Let v(c) be the second derivative of -c**3/6 + 13*c**2/2 + c + 135. Give v(s).
4
Let u(p) be the first derivative of -p**4/4 - p**2/2 - 6*p - 5. Let f(z) = -1. Let q(g) = -2*f(g) - u(g). Determine q(0).
8
Let i(r) = -9 + 5237*r**2 - 3*r - 13*r - 5239*r**2. Determine i(-7).
5
Let l(s) = 2*s - 2. Let d(k) = k**3 - 4*k**2 - 64*k - 19. Let p be d(-6). Determine l(p).
8
Let x(z) be the first derivative of -3*z**2/2 + 3*z + 143. Let m = -13 + 10. What is x(m)?
12
Let r(s) be the second derivative of -s**6/720 + s**5/120 + 5*s**4/12 + 19*s. Let o(f) be the third derivative of r(f). What is o(3)?
-2
Let m be (-2)/(-8) + (-3)/12. Suppose -15 = -5*i, 4*i = 3*r - m*i - 24. Let a be (3 + -1)/((-8)/r). Let n(s) = -s**2 - 4*s - 2. Determine n(a).
1
Let o(l) = 3 - l + 2 - l**2 - 3*l. Suppose -121*d = 430 + 175. Determine o(d).
0
Suppose -12165 = -6*j - 12153. Let o(v) be the first derivative of -5/3*v**3 - 1/4*v**4 + 3/2*v**2 - 8*v + j. What is o(-6)?
10
Let v(u) = -2 + 2*u + 8 + 4 - 8. Determine v(6).
14
Suppose 24 - 45 = -3*j. Let w(u) = 0*u - u + u**3 - j*u + u**2 + 5*u. Calculate w(-3).
-9
Suppose 2*x = -2*j + 2, 4*x = 6*x + 5*j + 7. Suppose -3*p = 4*n + 11, 0 = p - 2*p + x*n + 7. Let t(y) = -3*y**2 - 2*y - 1. Give t(p).
-2
Let l(n) = -7*n + 4. Let f(j) = 8*j - 4. Let v(i) = 5*f(i) + 6*l(i). Let u = 1888 - 1883. Determine v(u).
-6
Let v = -2044 + 2026. Let y(p) = 4*p + 77. Determine y(v).
5
Let r(c) = 2*c + 11. Let t(i) be the second derivative of i**3/6 + 3*i**2 - 2*i. Let x(p) = 4*r(p) - 9*t(p). Give x(0).
-10
Suppose 23*f + 78 = -3*f. Let o(g) = 2*g**2 - g. What is o(f)?
21
Suppose 3*r + 11 = 5*g + 5*r, 11 = 3*g - r. Let n(o) = -g*o + 3 + o - 1. Let q(d) = -5*d + 5. Let w(v) = -8*n(v) + 3*q(v). Calculate w(-5).
-6
Let v(q) = -q**2 + 14*q + 13. Let d(t) = -t**2 + t + 2. Let g(z) = 2*d(z) - v(z). Determine g(-10).
11
Suppose -4*c + 3*i = -0*c - 10, -i = c + 1. Let a(g) = -g**3 - g**2 + 2*g + 2. Let p be a(-2). Let u(s) = -p + c - 9*s + 7*s. Give u(3).
-7
Let b(x) = 5*x**2 - x**2 + 178*x - 2*x**3 - 181*x. Determine b(2).
-6
Let k = -29 + 21. Let h be 6/4*k/6. Let d(l) be the third derivative of -l**6/120 - l**5/60 - l**4/24 + l**3/6 - l**2. What is d(h)?
7
Let i(s) = 3*s**2 - 7*s - 13. Let r(n) = -n**2 - n + 1. Let u(p) = i(p) + 2*r(p). Calculate u(9).
-11
Let g(f) = -f**3 - 1. Let a be g(-1). Let z(c) = 6*c**3 + 0 + a + 1. Suppose 0 = -9*m + 6*m - 3. Determine z(m).
-5
Let g = 1 - 1. Let p(x) = x + 1. Let a(v) = 3*v + 3. Let i(u) = -2*a(u) + 5*p(u). Let n be i(g). Let k(w) = -7*w**2 - w. Give k(n).
-6
Suppose 0 = -2*b + b - 3. Let i(m) = -m**3 + 3*m + 1. Let x be i(-2). Let r(n) = 0*n**3 - n**3 + 0*n**3 - n**2 + x*n. Give r(b).
9
Let s(k) = 131 + 45*k - 140 - 46*k. What is s(-10)?
1
Let c(h) = h**3 - 7*h**2 - 6*h - 10. Let y be c(8). Suppose -4*f - 2*t - 10 = 0, -4*t = -2*t + y. Let q(v) = 2*v**3 + 2*v**2 + v - 3*v**3 - v**3. What is q(f)?
3
Let a(u) be the second derivative of -u**3/6 + 8*u**2 + 14*u. Let z(p) = p**3 - 13*p**2 + 12*p + 7. Let b be z(12). What is a(b)?
9
Suppose 3*a = n - 16, -3*n - 3*a = 2 - 14. Let w(b) = 8 + 2*b - n + 2. Calculate w(-2).
-1
Let g = 356 - 350. Let b(z) = -z**3 + 5*z**2 + 7*z. Give b(g).
6
Let h(p) = 63*p**2 + 6*p + 48. Let j(c) = -29*c**2 - 3*c - 23. Let g(x) = -6*h(x) - 13*j(x). Calculate g(4).
7
Let j(u) be the third derivative of 0 - 1/60*u**5 + 1/3*u**4 - 28*u**2 + 0*u + 1/6*u**3. Give j(8).
1
Let n = -9 - -11. Let t(w) = w**2 - 2*w**3 - w + w - w + 0*w**n. Let k be t(1). Let j(f) = -f**3 - 3*f**2 + 2*f + 2. Determine j(k).
-6
Suppose 5*r = -0*r - 145. Let n = 28 + r. Let s(m) = -m + m - m + 0. Calculate s(n).
1
Let a(f) = 10*f**3 - f - 1. Let y(r) = r + 13. Let i be y(-4). Let k = 8 - i. Give a(k).
-10
Let j(c) = -c**3 + 3*c**2 + c + 1. Let q = 76 - 72. Calculate j(q).
-11
Let c(q) = -2 - 120*q + 250*q - 3 - 131*q. Determine c(-2).
-3
Let w(o) = -o**2 + 2*o + 3. Suppose 0 = 6*r + 40 - 10. Let j(v) = v**2 - 3*v - 4. Let k(f) = r*w(f) - 4*j(f). Give k(-2).
1
Let r(v) = -7*v + 5. Let l(x) = 4*x - 3. Let u(z) = -5*l(z) - 3*r(z). Let s(q) = -q**2 - 19*q - 1. Let w be s(-19). What is u(w)?
-1
Let n(s) = -16*s**2 + 9*s + 3. Let u(t) = 23*t**2 - 13*t - 5. Let o(h) = 7*n(h) + 5*u(h). Give o(3).
17
Let o(z) = 3 + 0*z + z - 6. Let c(n) = n - 3. Let h = -39 - -33. Let w(y) = h*o(y) + 7*c(y). Calculate w(7).
4
Let s = 65 + -59. Suppose l = 12 - s. Let v(z) = -z - 4. Calculate v(l).
-10
Let t be 7 + 1 + (-2)/1. Suppose l - 4*l = -t. Let d(s) = -55 - 2*s + 54 + 10*s. Calculate d(l).
15
Let z(g) be the first derivative of g**3/3 - 3*g**2 - g + 56. Determine z(5).
-6
Let d(j) = -j + 4. Suppose 4*c = 5*c. Suppose 3*o = -3*g - 30, 4*g = -2*o - c*g - 28. Calculate d(o).
10
Let b be (0 - 0)*6/(-6). Let d(r) = 0*r - 2 + 4*r + b + r. Calculate d(2).
8
Let n(c) be the third derivative of -c**6/120 + c**5/15 - c**4/6 - c**3/6 - 107*c**2. What is n(3)?
-4
Suppose -52 = 2*o - 58. Let x be o/2*1*42/(-7). Let m(d) = -d**3 - 8*d**2 + 8*d - 3. Determine m(x).
6
Let m = 952 + -958. Let t(o) = -2*o**3 + 9*o**2 - o + 3. Let d(g) = -g**3 + 8*g**2 + 2. Let y(f) = -3*d(f) + 2*t(f). Give y(m).
12
Let b(k) be the first derivative of -2*k**2 - 11*k - 119. Determine b(-11).
33
Let p(n) = 2*n**2 - 4*n - 12. Let x be ((-1)/(-3) + 1)*24/(-16). What is p(x)?
4
Let b(l) = l + 5. Suppose -10*h - 731 = -711. Calculate b(h).
3
Let i(j) = -j**3 + 6*j**2 + 1. Suppose -30 = -8*v + 42. Let h be 2/((-4)/6)*-5. Let s = h - v. Calculate i(s).
1
Suppose 0 = -6*p - 119 + 95. Let v(x) = -4*x**3 - 6*x**2 - 2*x + 3. Let o(z) = 5*z**3 + 7*z**2 + 3*z - 4. Let h(k) = -3*o(k) - 4*v(k). Calculate h(p).
-12
Let n(v) be the third derivative of -5*v**4/24 - 2*v**3/3 + 65*v**2. Give n(-4).
16
Let x be 6/4 - (-77)/(-14). Let d(c) = -2*c**3 + c**2 - 2*c + 1. Let p(h) = -3*h**3 + 8*h**2 - 2*h - 1. Let b(j) = 2*d(j) - p(j). What is b(x)?
-21
Let t(b) = -b - 9. Suppose -7*a + 2*a + 27 = -2*w, a + 27 = -5*w. Let r be t(w). Let o be (11/r + 3)*